{"id":10,"date":"2025-07-04T10:37:50","date_gmt":"2025-07-04T10:37:50","guid":{"rendered":"https:\/\/farmi.pt\/?page_id=10"},"modified":"2025-07-14T09:32:16","modified_gmt":"2025-07-14T09:32:16","slug":"quem-somos","status":"publish","type":"page","link":"https:\/\/farmi.pt\/index.php\/quem-somos\/","title":{"rendered":"Quem Somos"},"content":{"rendered":"\t\t<div data-elementor-type=\"wp-page\" data-elementor-id=\"10\" class=\"elementor elementor-10\">\n\t\t\t\t\t\t<section class=\"elementor-section elementor-top-section elementor-element elementor-element-ead7aae0 elementor-section-height-min-height elementor-section-content-middle elementor-section-stretched elementor-section-boxed elementor-section-height-default elementor-section-items-middle wpr-particle-no wpr-jarallax-no wpr-parallax-no wpr-sticky-section-no wpr-equal-height-no\" data-id=\"ead7aae0\" data-element_type=\"section\" data-e-type=\"section\" data-settings=\"{&quot;background_background&quot;:&quot;classic&quot;,&quot;stretch_section&quot;:&quot;section-stretched&quot;}\">\n\t\t\t\t\t\t\t<div class=\"elementor-background-overlay\"><\/div>\n\t\t\t\t\t\t\t<div class=\"elementor-container elementor-column-gap-default\">\n\t\t\t\t\t<div class=\"elementor-column elementor-col-100 elementor-top-column elementor-element elementor-element-2f316f10\" data-id=\"2f316f10\" data-element_type=\"column\" data-e-type=\"column\">\n\t\t\t<div class=\"elementor-widget-wrap elementor-element-populated\">\n\t\t\t\t\t\t<div class=\"elementor-element elementor-element-4ed4247c wpr-fancy-text-zoom wpr-advanced-text-style-animated wpr-animated-text-infinite-yes elementor-widget elementor-widget-wpr-advanced-text\" data-id=\"4ed4247c\" data-element_type=\"widget\" data-e-type=\"widget\" data-settings=\"{&quot;anim_loop&quot;:&quot;yes&quot;}\" data-widget_type=\"wpr-advanced-text.default\">\n\t\t\t\t\t\n\t\t<h1 class=\"wpr-advanced-text\">\n\n\t\t\t\t\t\n\t\t\t\t\t\t\t<span class=\"wpr-advanced-text-preffix\">Sobre a Farmi<\/span>\n\t\t\t\n\t\t<span class=\"wpr-anim-text wpr-anim-text-type-zoom\" data-anim-duration=\"1200,2000\" data-anim-loop=\"yes\">\n\t\t\t<span class=\"wpr-anim-text-inner\">\n\t\t\t\t\t\t\t<\/span>\n\t\t\t\t\t<\/span>\n\n\t\t\t\t\n\t\t<\/h1>\n\t\t\n\t\t\t\t\t\t<\/div>\n\t\t\t\t<div class=\"elementor-element elementor-element-38367b8d elementor-widget-divider--view-line elementor-widget elementor-widget-divider\" data-id=\"38367b8d\" data-element_type=\"widget\" data-e-type=\"widget\" data-widget_type=\"divider.default\">\n\t\t\t\t\t\t\t<div class=\"elementor-divider\">\n\t\t\t<span class=\"elementor-divider-separator\">\n\t\t\t\t\t\t<\/span>\n\t\t<\/div>\n\t\t\t\t\t\t<\/div>\n\t\t\t\t\t<\/div>\n\t\t<\/div>\n\t\t\t\t\t<\/div>\n\t\t<\/section>\n\t\t<div class=\"elementor-element elementor-element-8040663 e-flex e-con-boxed wpr-particle-no wpr-jarallax-no wpr-parallax-no wpr-sticky-section-no wpr-equal-height-no e-con e-parent\" data-id=\"8040663\" data-element_type=\"container\" data-e-type=\"container\">\n\t\t\t\t\t<div class=\"e-con-inner\">\n\t\t<div class=\"elementor-element elementor-element-a13b572 e-con-full e-flex wpr-particle-no wpr-jarallax-no wpr-parallax-no wpr-sticky-section-no wpr-equal-height-no e-con e-child\" data-id=\"a13b572\" data-element_type=\"container\" data-e-type=\"container\">\n\t\t\t\t<div class=\"elementor-element elementor-element-8fbbd44 elementor-widget elementor-widget-text-editor\" data-id=\"8fbbd44\" data-element_type=\"widget\" data-e-type=\"widget\" data-widget_type=\"text-editor.default\">\n\t\t\t\t\t\t\t\t\t<p>A Farmi, \u00e9 uma empresa familiar, com uma hist\u00f3ria ligada \u00e0 inova\u00e7\u00e3o no setor da Metalomec\u00e2nica. Fundada em 1990, inici\u00e1mos a nossa jornada com o fabrico de pe\u00e7as para repara\u00e7\u00e3o de m\u00e1quinas e equipamentos industriais, estabelecendo desde cedo um compromisso com a qualidade e a precis\u00e3o.<\/p><p>Em 1997, a Farmi inaugurou as suas instala\u00e7\u00f5es pr\u00f3prias, em P\u00earo Neto, na Marinha Grande. Refor\u00e7\u00e1mos a nossa capacidade de produ\u00e7\u00e3o, bem como, tamb\u00e9m nos permitiu alargar as nossas \u00e1reas de atua\u00e7\u00e3o. Atualmente, garantimos mais elevado rigor e precis\u00e3o em cada projeto de servi\u00e7os de metalomec\u00e2nica, desde a conce\u00e7\u00e3o \u00e0 execu\u00e7\u00e3o.<\/p><p>Na Farmi, a nossa prioridade m\u00e1xima \u00e9 a satisfa\u00e7\u00e3o do cliente. Com mais de 30 anos de experi\u00eancia e um legado de confian\u00e7a, estamos prontos para ser o seu parceiro em solu\u00e7\u00f5es de metalomec\u00e2nica, na Marinha Grande, localizada na regi\u00e3o de Leiria.<\/p>\t\t\t\t\t\t\t\t<\/div>\n\t\t\t\t<\/div>\n\t\t<div class=\"elementor-element elementor-element-29811df e-con-full e-flex wpr-particle-no wpr-jarallax-no wpr-parallax-no wpr-sticky-section-no wpr-equal-height-no e-con e-child\" data-id=\"29811df\" data-element_type=\"container\" data-e-type=\"container\">\n\t\t<div class=\"elementor-element elementor-element-f10744e e-con-full e-flex wpr-particle-no wpr-jarallax-no wpr-parallax-no wpr-sticky-section-no wpr-equal-height-no e-con e-child\" data-id=\"f10744e\" data-element_type=\"container\" data-e-type=\"container\">\n\t\t\t\t<div class=\"elementor-element elementor-element-bf0dc33 elementor-widget elementor-widget-image\" data-id=\"bf0dc33\" data-element_type=\"widget\" data-e-type=\"widget\" data-widget_type=\"image.default\">\n\t\t\t\t\t\t\t\t\t\t\t\t\t\t\t<img fetchpriority=\"high\" decoding=\"async\" width=\"768\" height=\"299\" src=\"https:\/\/farmi.pt\/wp-content\/uploads\/2025\/07\/cropped-Logo-slogan-01-scaled-1-768x299.png\" class=\"attachment-medium_large size-medium_large wp-image-102\" alt=\"\" srcset=\"https:\/\/farmi.pt\/wp-content\/uploads\/2025\/07\/cropped-Logo-slogan-01-scaled-1-768x299.png 768w, https:\/\/farmi.pt\/wp-content\/uploads\/2025\/07\/cropped-Logo-slogan-01-scaled-1-300x117.png 300w, https:\/\/farmi.pt\/wp-content\/uploads\/2025\/07\/cropped-Logo-slogan-01-scaled-1-1024x399.png 1024w, https:\/\/farmi.pt\/wp-content\/uploads\/2025\/07\/cropped-Logo-slogan-01-scaled-1-1536x598.png 1536w, https:\/\/farmi.pt\/wp-content\/uploads\/2025\/07\/cropped-Logo-slogan-01-scaled-1-2048x797.png 2048w\" sizes=\"(max-width: 768px) 100vw, 768px\" \/>\t\t\t\t\t\t\t\t\t\t\t\t\t\t\t<\/div>\n\t\t\t\t<\/div>\n\t\t<div class=\"elementor-element elementor-element-b9378d8 e-con-full e-flex wpr-particle-no wpr-jarallax-no wpr-parallax-no wpr-sticky-section-no wpr-equal-height-no e-con e-child\" data-id=\"b9378d8\" data-element_type=\"container\" data-e-type=\"container\">\n\t\t\t\t<\/div>\n\t\t\t\t<\/div>\n\t\t\t\t\t<\/div>\n\t\t\t\t<\/div>\n\t\t<div class=\"elementor-element elementor-element-a630625 e-grid e-con-boxed wpr-particle-no wpr-jarallax-no wpr-parallax-no wpr-sticky-section-no wpr-equal-height-no e-con e-parent\" data-id=\"a630625\" data-element_type=\"container\" data-e-type=\"container\">\n\t\t\t\t\t<div class=\"e-con-inner\">\n\t\t\t\t<div class=\"elementor-element elementor-element-9cf93af elementor-widget elementor-widget-n-accordion\" data-id=\"9cf93af\" data-element_type=\"widget\" data-e-type=\"widget\" data-settings=\"{&quot;default_state&quot;:&quot;expanded&quot;,&quot;max_items_expended&quot;:&quot;one&quot;,&quot;n_accordion_animation_duration&quot;:{&quot;unit&quot;:&quot;ms&quot;,&quot;size&quot;:400,&quot;sizes&quot;:[]}}\" data-widget_type=\"nested-accordion.default\">\n\t\t\t\t\t\t\t<div class=\"e-n-accordion\" aria-label=\"Accordion. Open links with Enter or Space, close with Escape, and navigate with Arrow Keys\">\n\t\t\t\t\t\t<details id=\"e-n-accordion-item-1640\" class=\"e-n-accordion-item\" open>\n\t\t\t\t<summary class=\"e-n-accordion-item-title\" data-accordion-index=\"1\" tabindex=\"0\" aria-expanded=\"true\" aria-controls=\"e-n-accordion-item-1640\" >\n\t\t\t\t\t<span class='e-n-accordion-item-title-header'><div class=\"e-n-accordion-item-title-text\"> Miss\u00e3o <\/div><\/span>\n\t\t\t\t\t\t\t<span class='e-n-accordion-item-title-icon'>\n\t\t\t<span class='e-opened' ><svg aria-hidden=\"true\" class=\"e-font-icon-svg e-fas-minus\" viewBox=\"0 0 448 512\" xmlns=\"http:\/\/www.w3.org\/2000\/svg\"><path d=\"M416 208H32c-17.67 0-32 14.33-32 32v32c0 17.67 14.33 32 32 32h384c17.67 0 32-14.33 32-32v-32c0-17.67-14.33-32-32-32z\"><\/path><\/svg><\/span>\n\t\t\t<span class='e-closed'><svg aria-hidden=\"true\" class=\"e-font-icon-svg e-fas-plus\" viewBox=\"0 0 448 512\" xmlns=\"http:\/\/www.w3.org\/2000\/svg\"><path d=\"M416 208H272V64c0-17.67-14.33-32-32-32h-32c-17.67 0-32 14.33-32 32v144H32c-17.67 0-32 14.33-32 32v32c0 17.67 14.33 32 32 32h144v144c0 17.67 14.33 32 32 32h32c17.67 0 32-14.33 32-32V304h144c17.67 0 32-14.33 32-32v-32c0-17.67-14.33-32-32-32z\"><\/path><\/svg><\/span>\n\t\t<\/span>\n\n\t\t\t\t\t\t<\/summary>\n\t\t\t\t<div role=\"region\" aria-labelledby=\"e-n-accordion-item-1640\" class=\"elementor-element elementor-element-650d642 e-con-full e-flex wpr-particle-no wpr-jarallax-no wpr-parallax-no wpr-sticky-section-no wpr-equal-height-no e-con e-child\" data-id=\"650d642\" data-element_type=\"container\" data-e-type=\"container\">\n\t\t\t\t<div class=\"elementor-element elementor-element-64019b0 elementor-widget elementor-widget-text-editor\" data-id=\"64019b0\" data-element_type=\"widget\" data-e-type=\"widget\" data-widget_type=\"text-editor.default\">\n\t\t\t\t\t\t\t\t\t<p>Ser uma empresa de refer\u00eancia, para os seus clientes, colaboradores, fornecedores e parceiros de neg\u00f3cio. Manter a confian\u00e7a e fidelidade dos clientes atrav\u00e9s da apresenta\u00e7\u00e3o de novas solu\u00e7\u00f5es integradas, entrega com rapidez, pre\u00e7os acess\u00edveis, qualidade e boa assist\u00eancia.<\/p>\t\t\t\t\t\t\t\t<\/div>\n\t\t\t\t<\/div>\n\t\t\t\t\t<\/details>\n\t\t\t\t\t<\/div>\n\t\t\t\t\t\t<\/div>\n\t\t\t\t<div class=\"elementor-element elementor-element-3156e26 elementor-widget elementor-widget-n-accordion\" data-id=\"3156e26\" data-element_type=\"widget\" data-e-type=\"widget\" data-settings=\"{&quot;default_state&quot;:&quot;expanded&quot;,&quot;max_items_expended&quot;:&quot;one&quot;,&quot;n_accordion_animation_duration&quot;:{&quot;unit&quot;:&quot;ms&quot;,&quot;size&quot;:400,&quot;sizes&quot;:[]}}\" data-widget_type=\"nested-accordion.default\">\n\t\t\t\t\t\t\t<div class=\"e-n-accordion\" aria-label=\"Accordion. Open links with Enter or Space, close with Escape, and navigate with Arrow Keys\">\n\t\t\t\t\t\t<details id=\"e-n-accordion-item-5170\" class=\"e-n-accordion-item\" open>\n\t\t\t\t<summary class=\"e-n-accordion-item-title\" data-accordion-index=\"1\" tabindex=\"0\" aria-expanded=\"true\" aria-controls=\"e-n-accordion-item-5170\" >\n\t\t\t\t\t<span class='e-n-accordion-item-title-header'><div class=\"e-n-accordion-item-title-text\"> Vis\u00e3o <\/div><\/span>\n\t\t\t\t\t\t\t<span class='e-n-accordion-item-title-icon'>\n\t\t\t<span class='e-opened' ><svg aria-hidden=\"true\" class=\"e-font-icon-svg e-fas-minus\" viewBox=\"0 0 448 512\" xmlns=\"http:\/\/www.w3.org\/2000\/svg\"><path d=\"M416 208H32c-17.67 0-32 14.33-32 32v32c0 17.67 14.33 32 32 32h384c17.67 0 32-14.33 32-32v-32c0-17.67-14.33-32-32-32z\"><\/path><\/svg><\/span>\n\t\t\t<span class='e-closed'><svg aria-hidden=\"true\" class=\"e-font-icon-svg e-fas-plus\" viewBox=\"0 0 448 512\" xmlns=\"http:\/\/www.w3.org\/2000\/svg\"><path d=\"M416 208H272V64c0-17.67-14.33-32-32-32h-32c-17.67 0-32 14.33-32 32v144H32c-17.67 0-32 14.33-32 32v32c0 17.67 14.33 32 32 32h144v144c0 17.67 14.33 32 32 32h32c17.67 0 32-14.33 32-32V304h144c17.67 0 32-14.33 32-32v-32c0-17.67-14.33-32-32-32z\"><\/path><\/svg><\/span>\n\t\t<\/span>\n\n\t\t\t\t\t\t<\/summary>\n\t\t\t\t<div role=\"region\" aria-labelledby=\"e-n-accordion-item-5170\" class=\"elementor-element elementor-element-f4b1af0 e-con-full e-flex wpr-particle-no wpr-jarallax-no wpr-parallax-no wpr-sticky-section-no wpr-equal-height-no e-con e-child\" data-id=\"f4b1af0\" data-element_type=\"container\" data-e-type=\"container\">\n\t\t\t\t<div class=\"elementor-element elementor-element-d117c18 elementor-widget elementor-widget-text-editor\" data-id=\"d117c18\" data-element_type=\"widget\" data-e-type=\"widget\" data-widget_type=\"text-editor.default\">\n\t\t\t\t\t\t\t\t\t<p>O objetivo prim\u00e1rio da FARMI \u00e9 aumentar a dimens\u00e3o do seu neg\u00f3cio, de uma maneira rent\u00e1vel e atrav\u00e9s de excel\u00eancia de performance e investiga\u00e7\u00e3o, desenvolvimento e inova\u00e7\u00e3o dos produtos e processos, que reflitam as necessidades dos seus Clientes.<\/p>\t\t\t\t\t\t\t\t<\/div>\n\t\t\t\t<\/div>\n\t\t\t\t\t<\/details>\n\t\t\t\t\t<\/div>\n\t\t\t\t\t\t<\/div>\n\t\t\t\t<div class=\"elementor-element elementor-element-512fc68 elementor-widget elementor-widget-n-accordion\" data-id=\"512fc68\" data-element_type=\"widget\" data-e-type=\"widget\" data-settings=\"{&quot;default_state&quot;:&quot;expanded&quot;,&quot;max_items_expended&quot;:&quot;one&quot;,&quot;n_accordion_animation_duration&quot;:{&quot;unit&quot;:&quot;ms&quot;,&quot;size&quot;:400,&quot;sizes&quot;:[]}}\" data-widget_type=\"nested-accordion.default\">\n\t\t\t\t\t\t\t<div class=\"e-n-accordion\" aria-label=\"Accordion. Open links with Enter or Space, close with Escape, and navigate with Arrow Keys\">\n\t\t\t\t\t\t<details id=\"e-n-accordion-item-8510\" class=\"e-n-accordion-item\" open>\n\t\t\t\t<summary class=\"e-n-accordion-item-title\" data-accordion-index=\"1\" tabindex=\"0\" aria-expanded=\"true\" aria-controls=\"e-n-accordion-item-8510\" >\n\t\t\t\t\t<span class='e-n-accordion-item-title-header'><div class=\"e-n-accordion-item-title-text\"> Valores <\/div><\/span>\n\t\t\t\t\t\t\t<span class='e-n-accordion-item-title-icon'>\n\t\t\t<span class='e-opened' ><svg aria-hidden=\"true\" class=\"e-font-icon-svg e-fas-minus\" viewBox=\"0 0 448 512\" xmlns=\"http:\/\/www.w3.org\/2000\/svg\"><path d=\"M416 208H32c-17.67 0-32 14.33-32 32v32c0 17.67 14.33 32 32 32h384c17.67 0 32-14.33 32-32v-32c0-17.67-14.33-32-32-32z\"><\/path><\/svg><\/span>\n\t\t\t<span class='e-closed'><svg aria-hidden=\"true\" class=\"e-font-icon-svg e-far-arrow-alt-circle-down\" viewBox=\"0 0 512 512\" xmlns=\"http:\/\/www.w3.org\/2000\/svg\"><path d=\"M256 8C119 8 8 119 8 256s111 248 248 248 248-111 248-248S393 8 256 8zm0 448c-110.5 0-200-89.5-200-200S145.5 56 256 56s200 89.5 200 200-89.5 200-200 200zm-32-316v116h-67c-10.7 0-16 12.9-8.5 20.5l99 99c4.7 4.7 12.3 4.7 17 0l99-99c7.6-7.6 2.2-20.5-8.5-20.5h-67V140c0-6.6-5.4-12-12-12h-40c-6.6 0-12 5.4-12 12z\"><\/path><\/svg><\/span>\n\t\t<\/span>\n\n\t\t\t\t\t\t<\/summary>\n\t\t\t\t<div role=\"region\" aria-labelledby=\"e-n-accordion-item-8510\" class=\"elementor-element elementor-element-00e5fe9 e-con-full e-flex wpr-particle-no wpr-jarallax-no wpr-parallax-no wpr-sticky-section-no wpr-equal-height-no e-con e-child\" data-id=\"00e5fe9\" data-element_type=\"container\" data-e-type=\"container\">\n\t\t\t\t<div class=\"elementor-element elementor-element-59d343d elementor-widget elementor-widget-text-editor\" data-id=\"59d343d\" data-element_type=\"widget\" data-e-type=\"widget\" data-widget_type=\"text-editor.default\">\n\t\t\t\t\t\t\t\t\t<p>Valores defendidos pela empresa FARMI s\u00e3o:<\/p><ul><li>A Solidez Organizacional;<br \/>Compet\u00eancia dos Colaboradores na Presta\u00e7\u00e3o do Servi\u00e7o;<\/li><li>O Cumprimento dos Requisitos do Cliente;<\/li><li>A Coopera\u00e7\u00e3o, o Trabalho de Equipa e o Bom Relacionamento entre os Colaboradores;<\/li><li>A Prontid\u00e3o e a Flexibilidade na resposta \u00e0s Solicita\u00e7\u00f5es do Cliente e na Resolu\u00e7\u00e3o de Problemas;<\/li><li>O Orgulho por pertencer \u00e0 empresa;<\/li><li>Coopera\u00e7\u00e3o com os Fornecedores e Clientes;<\/li><li>Investiga\u00e7\u00e3o, Desenvolvimento e Inova\u00e7\u00e3o permanente;<\/li><li>A Preocupa\u00e7\u00e3o Social de assegurar postos de trabalho, de entender e ajudar sempre que poss\u00edvel a resolver os problemas dos Colaboradores.<\/li><\/ul>\t\t\t\t\t\t\t\t<\/div>\n\t\t\t\t<\/div>\n\t\t\t\t\t<\/details>\n\t\t\t\t\t<\/div>\n\t\t\t\t\t\t<\/div>\n\t\t\t\t\t<\/div>\n\t\t\t\t<\/div>\n\t\t\t\t<\/div>\n\t\t","protected":false},"excerpt":{"rendered":"<p>Sobre a Farmi A Farmi, \u00e9 uma empresa familiar, com uma hist\u00f3ria ligada \u00e0 inova\u00e7\u00e3o no setor da Metalomec\u00e2nica. Fundada em 1990, inici\u00e1mos a nossa jornada com o fabrico de pe\u00e7as para repara\u00e7\u00e3o de m\u00e1quinas e equipamentos industriais, estabelecendo desde cedo um compromisso com a qualidade e a precis\u00e3o. Em 1997, a Farmi inaugurou as suas instala\u00e7\u00f5es pr\u00f3prias, em P\u00earo Neto, na Marinha Grande. Refor\u00e7\u00e1mos a nossa capacidade de produ\u00e7\u00e3o, bem como, tamb\u00e9m nos permitiu alargar as nossas \u00e1reas de atua\u00e7\u00e3o. Atualmente, garantimos mais elevado rigor e precis\u00e3o em cada projeto de servi\u00e7os de metalomec\u00e2nica, desde a conce\u00e7\u00e3o \u00e0 execu\u00e7\u00e3o. Na Farmi, a nossa prioridade m\u00e1xima \u00e9 a satisfa\u00e7\u00e3o do cliente. Com mais de 30 anos de experi\u00eancia e um legado de confian\u00e7a, estamos prontos para ser o seu parceiro em solu\u00e7\u00f5es de metalomec\u00e2nica, na Marinha Grande, localizada na regi\u00e3o de Leiria. Miss\u00e3o Ser uma empresa de refer\u00eancia, para os seus clientes, colaboradores, fornecedores e parceiros de neg\u00f3cio. Manter a confian\u00e7a e fidelidade dos clientes atrav\u00e9s da apresenta\u00e7\u00e3o de novas solu\u00e7\u00f5es integradas, entrega com rapidez, pre\u00e7os acess\u00edveis, qualidade e boa assist\u00eancia. Ser uma empresa de refer\u00eancia, para os seus clientes, colaboradores, fornecedores e parceiros de neg\u00f3cio. Manter a confian\u00e7a e fidelidade dos clientes atrav\u00e9s da apresenta\u00e7\u00e3o de novas solu\u00e7\u00f5es integradas, entrega com rapidez, pre\u00e7os acess\u00edveis, qualidade e boa assist\u00eancia. Vis\u00e3o O objetivo prim\u00e1rio da FARMI \u00e9 aumentar a dimens\u00e3o do seu neg\u00f3cio, de uma maneira rent\u00e1vel e atrav\u00e9s de excel\u00eancia de performance e investiga\u00e7\u00e3o, desenvolvimento e inova\u00e7\u00e3o dos produtos e processos, que reflitam as necessidades dos seus Clientes. O objetivo prim\u00e1rio da FARMI \u00e9 aumentar a dimens\u00e3o do seu neg\u00f3cio, de uma maneira rent\u00e1vel e atrav\u00e9s de excel\u00eancia de performance e investiga\u00e7\u00e3o, desenvolvimento e inova\u00e7\u00e3o dos produtos e processos, que reflitam as necessidades dos seus Clientes. Valores Valores defendidos pela empresa FARMI s\u00e3o: A Solidez Organizacional;Compet\u00eancia dos Colaboradores na Presta\u00e7\u00e3o do Servi\u00e7o; O Cumprimento dos Requisitos do Cliente; A Coopera\u00e7\u00e3o, o Trabalho de Equipa e o Bom Relacionamento entre os Colaboradores; A Prontid\u00e3o e a Flexibilidade na resposta \u00e0s Solicita\u00e7\u00f5es do Cliente e na Resolu\u00e7\u00e3o de Problemas; O Orgulho por pertencer \u00e0 empresa; Coopera\u00e7\u00e3o com os Fornecedores e Clientes; Investiga\u00e7\u00e3o, Desenvolvimento e Inova\u00e7\u00e3o permanente; A Preocupa\u00e7\u00e3o Social de assegurar postos de trabalho, de entender e ajudar sempre que poss\u00edvel a resolver os problemas dos Colaboradores. Valores defendidos pela empresa FARMI s\u00e3o: A Solidez Organizacional;Compet\u00eancia dos Colaboradores na Presta\u00e7\u00e3o do Servi\u00e7o; O Cumprimento dos Requisitos do Cliente; A Coopera\u00e7\u00e3o, o Trabalho de Equipa e o Bom Relacionamento entre os Colaboradores; A Prontid\u00e3o e a Flexibilidade na resposta \u00e0s Solicita\u00e7\u00f5es do Cliente e na Resolu\u00e7\u00e3o de Problemas; O Orgulho por pertencer \u00e0 empresa; Coopera\u00e7\u00e3o com os Fornecedores e Clientes; Investiga\u00e7\u00e3o, Desenvolvimento e Inova\u00e7\u00e3o permanente; A Preocupa\u00e7\u00e3o Social de assegurar postos de trabalho, de entender e ajudar sempre que poss\u00edvel a resolver os problemas dos Colaboradores.<\/p>\n","protected":false},"author":1,"featured_media":0,"parent":0,"menu_order":0,"comment_status":"closed","ping_status":"closed","template":"","meta":{"footnotes":""},"class_list":["post-10","page","type-page","status-publish"],"_links":{"self":[{"href":"https:\/\/farmi.pt\/index.php\/wp-json\/wp\/v2\/pages\/10","targetHints":{"allow":["GET"]}}],"collection":[{"href":"https:\/\/farmi.pt\/index.php\/wp-json\/wp\/v2\/pages"}],"about":[{"href":"https:\/\/farmi.pt\/index.php\/wp-json\/wp\/v2\/types\/page"}],"author":[{"embeddable":true,"href":"https:\/\/farmi.pt\/index.php\/wp-json\/wp\/v2\/users\/1"}],"replies":[{"embeddable":true,"href":"https:\/\/farmi.pt\/index.php\/wp-json\/wp\/v2\/comments?post=10"}],"version-history":[{"count":31,"href":"https:\/\/farmi.pt\/index.php\/wp-json\/wp\/v2\/pages\/10\/revisions"}],"predecessor-version":[{"id":381,"href":"https:\/\/farmi.pt\/index.php\/wp-json\/wp\/v2\/pages\/10\/revisions\/381"}],"wp:attachment":[{"href":"https:\/\/farmi.pt\/index.php\/wp-json\/wp\/v2\/media?parent=10"}],"curies":[{"name":"wp","href":"https:\/\/api.w.org\/{rel}","templated":true}]}}