{"id":16,"date":"2025-07-04T10:38:42","date_gmt":"2025-07-04T10:38:42","guid":{"rendered":"https:\/\/farmi.pt\/?page_id=16"},"modified":"2025-07-25T11:28:19","modified_gmt":"2025-07-25T11:28:19","slug":"servicos","status":"publish","type":"page","link":"https:\/\/farmi.pt\/index.php\/servicos\/","title":{"rendered":"Servi\u00e7os"},"content":{"rendered":"\t\t<div data-elementor-type=\"wp-page\" data-elementor-id=\"16\" class=\"elementor elementor-16\">\n\t\t\t\t<div class=\"elementor-element elementor-element-7618332 e-flex e-con-boxed wpr-particle-no wpr-jarallax-no wpr-parallax-no wpr-sticky-section-no wpr-equal-height-no e-con e-parent\" data-id=\"7618332\" data-element_type=\"container\" data-e-type=\"container\">\n\t\t\t\t\t<div class=\"e-con-inner\">\n\t\t\t\t<div class=\"elementor-element elementor-element-e907025 elementor-widget-divider--view-line elementor-widget elementor-widget-divider\" data-id=\"e907025\" data-element_type=\"widget\" data-e-type=\"widget\" data-widget_type=\"divider.default\">\n\t\t\t\t\t\t\t<div class=\"elementor-divider\">\n\t\t\t<span class=\"elementor-divider-separator\">\n\t\t\t\t\t\t<\/span>\n\t\t<\/div>\n\t\t\t\t\t\t<\/div>\n\t\t\t\t\t<\/div>\n\t\t\t\t<\/div>\n\t\t\t\t<section class=\"elementor-section elementor-top-section elementor-element elementor-element-1025b4810 elementor-section-height-min-height elementor-section-content-middle elementor-section-stretched elementor-section-boxed elementor-section-height-default elementor-section-items-middle wpr-particle-no wpr-jarallax-no wpr-parallax-no wpr-sticky-section-no wpr-equal-height-no\" data-id=\"1025b4810\" data-element_type=\"section\" data-e-type=\"section\" data-settings=\"{&quot;background_background&quot;:&quot;classic&quot;,&quot;stretch_section&quot;:&quot;section-stretched&quot;}\">\n\t\t\t\t\t\t\t<div class=\"elementor-background-overlay\"><\/div>\n\t\t\t\t\t\t\t<div class=\"elementor-container elementor-column-gap-default\">\n\t\t\t\t\t<div class=\"elementor-column elementor-col-100 elementor-top-column elementor-element elementor-element-bd5ffcb\" data-id=\"bd5ffcb\" data-element_type=\"column\" data-e-type=\"column\">\n\t\t\t<div class=\"elementor-widget-wrap elementor-element-populated\">\n\t\t\t\t\t\t<div class=\"elementor-element elementor-element-6c5bfc6 wpr-fancy-text-zoom wpr-advanced-text-style-animated wpr-animated-text-infinite-yes elementor-widget elementor-widget-wpr-advanced-text\" data-id=\"6c5bfc6\" data-element_type=\"widget\" data-e-type=\"widget\" data-settings=\"{&quot;anim_loop&quot;:&quot;yes&quot;}\" data-widget_type=\"wpr-advanced-text.default\">\n\t\t\t\t\t\n\t\t<h1 class=\"wpr-advanced-text\">\n\n\t\t\t\t\t\n\t\t\t\t\t\t\t<span class=\"wpr-advanced-text-preffix\">Servi\u00e7os<\/span>\n\t\t\t\n\t\t<span class=\"wpr-anim-text wpr-anim-text-type-zoom\" data-anim-duration=\"1200,2000\" data-anim-loop=\"yes\">\n\t\t\t<span class=\"wpr-anim-text-inner\">\n\t\t\t\t\t\t\t<\/span>\n\t\t\t\t\t<\/span>\n\n\t\t\t\t\n\t\t<\/h1>\n\t\t\n\t\t\t\t\t\t<\/div>\n\t\t\t\t<div class=\"elementor-element elementor-element-6aa30981 elementor-widget-divider--view-line elementor-widget elementor-widget-divider\" data-id=\"6aa30981\" data-element_type=\"widget\" data-e-type=\"widget\" data-widget_type=\"divider.default\">\n\t\t\t\t\t\t\t<div class=\"elementor-divider\">\n\t\t\t<span class=\"elementor-divider-separator\">\n\t\t\t\t\t\t<\/span>\n\t\t<\/div>\n\t\t\t\t\t\t<\/div>\n\t\t\t\t\t<\/div>\n\t\t<\/div>\n\t\t\t\t\t<\/div>\n\t\t<\/section>\n\t\t<div class=\"elementor-element elementor-element-02860df e-flex e-con-boxed wpr-particle-no wpr-jarallax-no wpr-parallax-no wpr-sticky-section-no wpr-equal-height-no e-con e-parent\" data-id=\"02860df\" data-element_type=\"container\" data-e-type=\"container\">\n\t\t\t\t\t<div class=\"e-con-inner\">\n\t\t\t\t<div class=\"elementor-element elementor-element-1296e6a elementor-widget elementor-widget-text-editor\" data-id=\"1296e6a\" data-element_type=\"widget\" data-e-type=\"widget\" data-widget_type=\"text-editor.default\">\n\t\t\t\t\t\t\t\t\t<p>Na <strong>Farmi<\/strong>, oferecemos um conjunto completo de servi\u00e7os t\u00e9cnicos e industriais especializados, desde o desenvolvimento de projetos \u00e0 produ\u00e7\u00e3o de pe\u00e7as de elevada precis\u00e3o. Trabalhamos com tecnologia de ponta e uma equipa qualificada para garantir a excel\u00eancia em cada etapa do processo.<\/p>\t\t\t\t\t\t\t\t<\/div>\n\t\t\t\t\t<\/div>\n\t\t\t\t<\/div>\n\t\t<div class=\"elementor-element elementor-element-c49a854 e-flex e-con-boxed wpr-particle-no wpr-jarallax-no wpr-parallax-no wpr-sticky-section-no wpr-equal-height-no e-con e-parent\" data-id=\"c49a854\" data-element_type=\"container\" data-e-type=\"container\" data-settings=\"{&quot;background_background&quot;:&quot;gradient&quot;}\">\n\t\t\t\t\t<div class=\"e-con-inner\">\n\t\t\t\t<div class=\"elementor-element elementor-element-d784eae elementor-widget elementor-widget-n-accordion\" data-id=\"d784eae\" data-element_type=\"widget\" data-e-type=\"widget\" data-settings=\"{&quot;default_state&quot;:&quot;expanded&quot;,&quot;max_items_expended&quot;:&quot;one&quot;,&quot;n_accordion_animation_duration&quot;:{&quot;unit&quot;:&quot;ms&quot;,&quot;size&quot;:400,&quot;sizes&quot;:[]}}\" data-widget_type=\"nested-accordion.default\">\n\t\t\t\t\t\t\t<div class=\"e-n-accordion\" aria-label=\"Accordion. Open links with Enter or Space, close with Escape, and navigate with Arrow Keys\">\n\t\t\t\t\t\t<details id=\"e-n-accordion-item-2250\" class=\"e-n-accordion-item\" open>\n\t\t\t\t<summary class=\"e-n-accordion-item-title\" data-accordion-index=\"1\" tabindex=\"0\" aria-expanded=\"true\" aria-controls=\"e-n-accordion-item-2250\" >\n\t\t\t\t\t<span class='e-n-accordion-item-title-header'><div class=\"e-n-accordion-item-title-text\"> Conce\u00e7\u00e3o e Desenvolvimento <\/div><\/span>\n\t\t\t\t\t\t\t<span class='e-n-accordion-item-title-icon'>\n\t\t\t<span class='e-opened' ><svg aria-hidden=\"true\" class=\"e-font-icon-svg e-fas-plus\" viewBox=\"0 0 448 512\" xmlns=\"http:\/\/www.w3.org\/2000\/svg\"><path d=\"M416 208H272V64c0-17.67-14.33-32-32-32h-32c-17.67 0-32 14.33-32 32v144H32c-17.67 0-32 14.33-32 32v32c0 17.67 14.33 32 32 32h144v144c0 17.67 14.33 32 32 32h32c17.67 0 32-14.33 32-32V304h144c17.67 0 32-14.33 32-32v-32c0-17.67-14.33-32-32-32z\"><\/path><\/svg><\/span>\n\t\t\t<span class='e-closed'><svg aria-hidden=\"true\" class=\"e-font-icon-svg e-fas-plus\" viewBox=\"0 0 448 512\" xmlns=\"http:\/\/www.w3.org\/2000\/svg\"><path d=\"M416 208H272V64c0-17.67-14.33-32-32-32h-32c-17.67 0-32 14.33-32 32v144H32c-17.67 0-32 14.33-32 32v32c0 17.67 14.33 32 32 32h144v144c0 17.67 14.33 32 32 32h32c17.67 0 32-14.33 32-32V304h144c17.67 0 32-14.33 32-32v-32c0-17.67-14.33-32-32-32z\"><\/path><\/svg><\/span>\n\t\t<\/span>\n\n\t\t\t\t\t\t<\/summary>\n\t\t\t\t<div role=\"region\" aria-labelledby=\"e-n-accordion-item-2250\" class=\"elementor-element elementor-element-52e4a3f e-con-full e-flex wpr-particle-no wpr-jarallax-no wpr-parallax-no wpr-sticky-section-no wpr-equal-height-no e-con e-child\" data-id=\"52e4a3f\" data-element_type=\"container\" data-e-type=\"container\">\n\t\t\t\t<div class=\"elementor-element elementor-element-6ba7461 elementor-widget elementor-widget-text-editor\" data-id=\"6ba7461\" data-element_type=\"widget\" data-e-type=\"widget\" data-widget_type=\"text-editor.default\">\n\t\t\t\t\t\t\t\t\t<ul><li>Desenvolvemos <strong>solu\u00e7\u00f5es \u00e0 medida<\/strong> das necessidades dos nossos clientes, desde a ideia inicial at\u00e9 ao produto final. A nossa abordagem \u00e9 focada na <strong>funcionalidade, efici\u00eancia e inova\u00e7\u00e3o<\/strong>.<\/li><li>Criamos projetos t\u00e9cnicos detalhados com recurso a<strong> software especializado<\/strong>, garantindo precis\u00e3o, <strong>fiabilidade e viabilidade de produ\u00e7\u00e3o<\/strong>.<\/li><li>Ajudamos a transformar ideias em conceitos concretos, combinando <strong>criatividade com conhecimento t\u00e9cnico<\/strong> para desenvolver <strong>solu\u00e7\u00f5es funcionais e inovadoras<\/strong>.<\/li><\/ul>\t\t\t\t\t\t\t\t<\/div>\n\t\t\t\t<\/div>\n\t\t\t\t\t<\/details>\n\t\t\t\t\t\t<details id=\"e-n-accordion-item-2251\" class=\"e-n-accordion-item\" >\n\t\t\t\t<summary class=\"e-n-accordion-item-title\" data-accordion-index=\"2\" tabindex=\"-1\" aria-expanded=\"false\" aria-controls=\"e-n-accordion-item-2251\" >\n\t\t\t\t\t<span class='e-n-accordion-item-title-header'><div class=\"e-n-accordion-item-title-text\"> Produ\u00e7\u00e3o <\/div><\/span>\n\t\t\t\t\t\t\t<span class='e-n-accordion-item-title-icon'>\n\t\t\t<span class='e-opened' ><svg aria-hidden=\"true\" class=\"e-font-icon-svg e-fas-plus\" viewBox=\"0 0 448 512\" xmlns=\"http:\/\/www.w3.org\/2000\/svg\"><path d=\"M416 208H272V64c0-17.67-14.33-32-32-32h-32c-17.67 0-32 14.33-32 32v144H32c-17.67 0-32 14.33-32 32v32c0 17.67 14.33 32 32 32h144v144c0 17.67 14.33 32 32 32h32c17.67 0 32-14.33 32-32V304h144c17.67 0 32-14.33 32-32v-32c0-17.67-14.33-32-32-32z\"><\/path><\/svg><\/span>\n\t\t\t<span class='e-closed'><svg aria-hidden=\"true\" class=\"e-font-icon-svg e-fas-plus\" viewBox=\"0 0 448 512\" xmlns=\"http:\/\/www.w3.org\/2000\/svg\"><path d=\"M416 208H272V64c0-17.67-14.33-32-32-32h-32c-17.67 0-32 14.33-32 32v144H32c-17.67 0-32 14.33-32 32v32c0 17.67 14.33 32 32 32h144v144c0 17.67 14.33 32 32 32h32c17.67 0 32-14.33 32-32V304h144c17.67 0 32-14.33 32-32v-32c0-17.67-14.33-32-32-32z\"><\/path><\/svg><\/span>\n\t\t<\/span>\n\n\t\t\t\t\t\t<\/summary>\n\t\t\t\t<div role=\"region\" aria-labelledby=\"e-n-accordion-item-2251\" class=\"elementor-element elementor-element-8578d97 e-flex e-con-boxed wpr-particle-no wpr-jarallax-no wpr-parallax-no wpr-sticky-section-no wpr-equal-height-no e-con e-child\" data-id=\"8578d97\" data-element_type=\"container\" data-e-type=\"container\">\n\t\t\t\t\t<div class=\"e-con-inner\">\n\t\t\t\t<div class=\"elementor-element elementor-element-18fdfa7 elementor-widget elementor-widget-text-editor\" data-id=\"18fdfa7\" data-element_type=\"widget\" data-e-type=\"widget\" data-widget_type=\"text-editor.default\">\n\t\t\t\t\t\t\t\t\t<p>Produzimos pe\u00e7as e componentes com elevada <strong>precis\u00e3o<\/strong>, utilizando processos modernos e equipamentos especializados para garantir <strong>efici\u00eancia e qualidade<\/strong>.<\/p>\t\t\t\t\t\t\t\t<\/div>\n\t\t\t\t\t<\/div>\n\t\t\t\t<\/div>\n\t\t\t\t\t<\/details>\n\t\t\t\t\t\t<details id=\"e-n-accordion-item-2252\" class=\"e-n-accordion-item\" >\n\t\t\t\t<summary class=\"e-n-accordion-item-title\" data-accordion-index=\"3\" tabindex=\"-1\" aria-expanded=\"false\" aria-controls=\"e-n-accordion-item-2252\" >\n\t\t\t\t\t<span class='e-n-accordion-item-title-header'><div class=\"e-n-accordion-item-title-text\"> Servi\u00e7os de Maquina\u00e7\u00e3o e Produ\u00e7\u00e3o Mec\u00e2nica <\/div><\/span>\n\t\t\t\t\t\t\t<span class='e-n-accordion-item-title-icon'>\n\t\t\t<span class='e-opened' ><svg aria-hidden=\"true\" class=\"e-font-icon-svg e-fas-plus\" viewBox=\"0 0 448 512\" xmlns=\"http:\/\/www.w3.org\/2000\/svg\"><path d=\"M416 208H272V64c0-17.67-14.33-32-32-32h-32c-17.67 0-32 14.33-32 32v144H32c-17.67 0-32 14.33-32 32v32c0 17.67 14.33 32 32 32h144v144c0 17.67 14.33 32 32 32h32c17.67 0 32-14.33 32-32V304h144c17.67 0 32-14.33 32-32v-32c0-17.67-14.33-32-32-32z\"><\/path><\/svg><\/span>\n\t\t\t<span class='e-closed'><svg aria-hidden=\"true\" class=\"e-font-icon-svg e-fas-plus\" viewBox=\"0 0 448 512\" xmlns=\"http:\/\/www.w3.org\/2000\/svg\"><path d=\"M416 208H272V64c0-17.67-14.33-32-32-32h-32c-17.67 0-32 14.33-32 32v144H32c-17.67 0-32 14.33-32 32v32c0 17.67 14.33 32 32 32h144v144c0 17.67 14.33 32 32 32h32c17.67 0 32-14.33 32-32V304h144c17.67 0 32-14.33 32-32v-32c0-17.67-14.33-32-32-32z\"><\/path><\/svg><\/span>\n\t\t<\/span>\n\n\t\t\t\t\t\t<\/summary>\n\t\t\t\t<div role=\"region\" aria-labelledby=\"e-n-accordion-item-2252\" class=\"elementor-element elementor-element-fcadb36 e-flex e-con-boxed wpr-particle-no wpr-jarallax-no wpr-parallax-no wpr-sticky-section-no wpr-equal-height-no e-con e-child\" data-id=\"fcadb36\" data-element_type=\"container\" data-e-type=\"container\">\n\t\t\t\t\t<div class=\"e-con-inner\">\n\t\t\t\t<div class=\"elementor-element elementor-element-1ea4d23 elementor-widget elementor-widget-text-editor\" data-id=\"1ea4d23\" data-element_type=\"widget\" data-e-type=\"widget\" data-widget_type=\"text-editor.default\">\n\t\t\t\t\t\t\t\t\t<ul><li><b>Torneamento:\u00a0<\/b>Servi\u00e7o de torneamento de precis\u00e3o em diversos materiais, adaptado a diferentes necessidades industriais.<\/li><li><b>Retifica\u00e7\u00e3o:\u00a0<\/b>Processo de acabamento para obten\u00e7\u00e3o de toler\u00e2ncias rigorosas e superf\u00edcies perfeitas.<\/li><li><b>Fresagem Convencional:\u00a0<\/b>Ideal para pequenas s\u00e9ries ou trabalhos espec\u00edficos, mantendo sempre um elevado padr\u00e3o de qualidade.<\/li><li><b>Fresagem CNC (3 e 5 Eixos)\u00a0<\/b>Equipamentos CNC de \u00faltima gera\u00e7\u00e3o para produ\u00e7\u00e3o de pe\u00e7as complexas com elevada precis\u00e3o e repetibilidade.<\/li><li><b>Fura\u00e7\u00e3o:\u00a0<\/b>Servi\u00e7o de fura\u00e7\u00e3o t\u00e9cnica com elevada precis\u00e3o para diversas aplica\u00e7\u00f5es industriais.<\/li><\/ul>\t\t\t\t\t\t\t\t<\/div>\n\t\t\t\t\t<\/div>\n\t\t\t\t<\/div>\n\t\t\t\t\t<\/details>\n\t\t\t\t\t<\/div>\n\t\t\t\t\t\t<\/div>\n\t\t\t\t\t<\/div>\n\t\t\t\t<\/div>\n\t\t<div class=\"elementor-element elementor-element-64b75a0 e-flex e-con-boxed wpr-particle-no wpr-jarallax-no wpr-parallax-no wpr-sticky-section-no wpr-equal-height-no e-con e-parent\" data-id=\"64b75a0\" data-element_type=\"container\" data-e-type=\"container\">\n\t\t\t\t\t<div class=\"e-con-inner\">\n\t\t\t\t<div class=\"elementor-element elementor-element-2de7aa9 elementor-widget elementor-widget-heading\" data-id=\"2de7aa9\" data-element_type=\"widget\" data-e-type=\"widget\" data-widget_type=\"heading.default\">\n\t\t\t\t\t<h2 class=\"elementor-heading-title elementor-size-default\">Porqu\u00ea escolher a Farmi?<\/h2>\t\t\t\t<\/div>\n\t\t\t\t<div class=\"elementor-element elementor-element-c9f1339 elementor-widget elementor-widget-text-editor\" data-id=\"c9f1339\" data-element_type=\"widget\" data-e-type=\"widget\" data-widget_type=\"text-editor.default\">\n\t\t\t\t\t\t\t\t\t<ul><li>Mais de 30 anos de experi\u00eancia no setor;<\/li><li>Equipamento tecnol\u00f3gico avan\u00e7ado;<\/li><li>Equipa t\u00e9cnica especializada;<\/li><li>Rigor, precis\u00e3o e elevado conhecimento;<\/li><li>Atendimento personalizado<\/li><\/ul>\t\t\t\t\t\t\t\t<\/div>\n\t\t\t\t\t<\/div>\n\t\t\t\t<\/div>\n\t\t<div class=\"elementor-element elementor-element-b64ca24 e-flex e-con-boxed wpr-particle-no wpr-jarallax-no wpr-parallax-no wpr-sticky-section-no wpr-equal-height-no e-con e-parent\" data-id=\"b64ca24\" data-element_type=\"container\" data-e-type=\"container\">\n\t\t\t\t\t<div class=\"e-con-inner\">\n\t\t\t\t<div class=\"elementor-element elementor-element-b3b81ff elementor-widget elementor-widget-text-editor\" data-id=\"b3b81ff\" data-element_type=\"widget\" data-e-type=\"widget\" data-widget_type=\"text-editor.default\">\n\t\t\t\t\t\t\t\t\t<p><a href=\"https:\/\/farmi.pt\/index.php\/contactos\"><strong>Pe\u00e7a j\u00e1 o seu or\u00e7amento!<\/strong><\/a><\/p>\t\t\t\t\t\t\t\t<\/div>\n\t\t\t\t\t<\/div>\n\t\t\t\t<\/div>\n\t\t\t\t<\/div>\n\t\t","protected":false},"excerpt":{"rendered":"<p>Servi\u00e7os Na Farmi, oferecemos um conjunto completo de servi\u00e7os t\u00e9cnicos e industriais especializados, desde o desenvolvimento de projetos \u00e0 produ\u00e7\u00e3o de pe\u00e7as de elevada precis\u00e3o. Trabalhamos com tecnologia de ponta e uma equipa qualificada para garantir a excel\u00eancia em cada etapa do processo. Conce\u00e7\u00e3o e Desenvolvimento Desenvolvemos solu\u00e7\u00f5es \u00e0 medida das necessidades dos nossos clientes, desde a ideia inicial at\u00e9 ao produto final. A nossa abordagem \u00e9 focada na funcionalidade, efici\u00eancia e inova\u00e7\u00e3o. Criamos projetos t\u00e9cnicos detalhados com recurso a software especializado, garantindo precis\u00e3o, fiabilidade e viabilidade de produ\u00e7\u00e3o. Ajudamos a transformar ideias em conceitos concretos, combinando criatividade com conhecimento t\u00e9cnico para desenvolver solu\u00e7\u00f5es funcionais e inovadoras. Produ\u00e7\u00e3o Produzimos pe\u00e7as e componentes com elevada precis\u00e3o, utilizando processos modernos e equipamentos especializados para garantir efici\u00eancia e qualidade. Servi\u00e7os de Maquina\u00e7\u00e3o e Produ\u00e7\u00e3o Mec\u00e2nica Torneamento:\u00a0Servi\u00e7o de torneamento de precis\u00e3o em diversos materiais, adaptado a diferentes necessidades industriais. Retifica\u00e7\u00e3o:\u00a0Processo de acabamento para obten\u00e7\u00e3o de toler\u00e2ncias rigorosas e superf\u00edcies perfeitas. Fresagem Convencional:\u00a0Ideal para pequenas s\u00e9ries ou trabalhos espec\u00edficos, mantendo sempre um elevado padr\u00e3o de qualidade. Fresagem CNC (3 e 5 Eixos)\u00a0Equipamentos CNC de \u00faltima gera\u00e7\u00e3o para produ\u00e7\u00e3o de pe\u00e7as complexas com elevada precis\u00e3o e repetibilidade. Fura\u00e7\u00e3o:\u00a0Servi\u00e7o de fura\u00e7\u00e3o t\u00e9cnica com elevada precis\u00e3o para diversas aplica\u00e7\u00f5es industriais. Desenvolvemos solu\u00e7\u00f5es \u00e0 medida das necessidades dos nossos clientes, desde a ideia inicial at\u00e9 ao produto final. A nossa abordagem \u00e9 focada na funcionalidade, efici\u00eancia e inova\u00e7\u00e3o. Criamos projetos t\u00e9cnicos detalhados com recurso a software especializado, garantindo precis\u00e3o, fiabilidade e viabilidade de produ\u00e7\u00e3o. Ajudamos a transformar ideias em conceitos concretos, combinando criatividade com conhecimento t\u00e9cnico para desenvolver solu\u00e7\u00f5es funcionais e inovadoras. Produzimos pe\u00e7as e componentes com elevada precis\u00e3o, utilizando processos modernos e equipamentos especializados para garantir efici\u00eancia e qualidade. Torneamento:\u00a0Servi\u00e7o de torneamento de precis\u00e3o em diversos materiais, adaptado a diferentes necessidades industriais. Retifica\u00e7\u00e3o:\u00a0Processo de acabamento para obten\u00e7\u00e3o de toler\u00e2ncias rigorosas e superf\u00edcies perfeitas. Fresagem Convencional:\u00a0Ideal para pequenas s\u00e9ries ou trabalhos espec\u00edficos, mantendo sempre um elevado padr\u00e3o de qualidade. Fresagem CNC (3 e 5 Eixos)\u00a0Equipamentos CNC de \u00faltima gera\u00e7\u00e3o para produ\u00e7\u00e3o de pe\u00e7as complexas com elevada precis\u00e3o e repetibilidade. Fura\u00e7\u00e3o:\u00a0Servi\u00e7o de fura\u00e7\u00e3o t\u00e9cnica com elevada precis\u00e3o para diversas aplica\u00e7\u00f5es industriais. Porqu\u00ea escolher a Farmi? Mais de 30 anos de experi\u00eancia no setor; Equipamento tecnol\u00f3gico avan\u00e7ado; Equipa t\u00e9cnica especializada; Rigor, precis\u00e3o e elevado conhecimento; Atendimento personalizado Pe\u00e7a j\u00e1 o seu or\u00e7amento!<\/p>\n","protected":false},"author":1,"featured_media":0,"parent":0,"menu_order":0,"comment_status":"closed","ping_status":"closed","template":"","meta":{"footnotes":""},"class_list":["post-16","page","type-page","status-publish"],"_links":{"self":[{"href":"https:\/\/farmi.pt\/index.php\/wp-json\/wp\/v2\/pages\/16","targetHints":{"allow":["GET"]}}],"collection":[{"href":"https:\/\/farmi.pt\/index.php\/wp-json\/wp\/v2\/pages"}],"about":[{"href":"https:\/\/farmi.pt\/index.php\/wp-json\/wp\/v2\/types\/page"}],"author":[{"embeddable":true,"href":"https:\/\/farmi.pt\/index.php\/wp-json\/wp\/v2\/users\/1"}],"replies":[{"embeddable":true,"href":"https:\/\/farmi.pt\/index.php\/wp-json\/wp\/v2\/comments?post=16"}],"version-history":[{"count":47,"href":"https:\/\/farmi.pt\/index.php\/wp-json\/wp\/v2\/pages\/16\/revisions"}],"predecessor-version":[{"id":523,"href":"https:\/\/farmi.pt\/index.php\/wp-json\/wp\/v2\/pages\/16\/revisions\/523"}],"wp:attachment":[{"href":"https:\/\/farmi.pt\/index.php\/wp-json\/wp\/v2\/media?parent=16"}],"curies":[{"name":"wp","href":"https:\/\/api.w.org\/{rel}","templated":true}]}}