{"id":62,"date":"2025-07-07T09:26:06","date_gmt":"2025-07-07T09:26:06","guid":{"rendered":"https:\/\/farmi.pt\/?page_id=62"},"modified":"2025-07-14T09:43:09","modified_gmt":"2025-07-14T09:43:09","slug":"fornecedores","status":"publish","type":"page","link":"https:\/\/farmi.pt\/index.php\/fornecedores\/","title":{"rendered":"Fornecedores"},"content":{"rendered":"\t\t<div data-elementor-type=\"wp-page\" data-elementor-id=\"62\" class=\"elementor elementor-62\">\n\t\t\t\t\t\t<section class=\"elementor-section elementor-top-section elementor-element elementor-element-359da9110 elementor-section-height-min-height elementor-section-content-middle elementor-section-stretched elementor-section-boxed elementor-section-height-default elementor-section-items-middle wpr-particle-no wpr-jarallax-no wpr-parallax-no wpr-sticky-section-no wpr-equal-height-no\" data-id=\"359da9110\" data-element_type=\"section\" data-e-type=\"section\" data-settings=\"{&quot;background_background&quot;:&quot;classic&quot;,&quot;stretch_section&quot;:&quot;section-stretched&quot;}\">\n\t\t\t\t\t\t\t<div class=\"elementor-background-overlay\"><\/div>\n\t\t\t\t\t\t\t<div class=\"elementor-container elementor-column-gap-default\">\n\t\t\t\t\t<div class=\"elementor-column elementor-col-100 elementor-top-column elementor-element elementor-element-666f78d7\" data-id=\"666f78d7\" data-element_type=\"column\" data-e-type=\"column\">\n\t\t\t<div class=\"elementor-widget-wrap elementor-element-populated\">\n\t\t\t\t\t\t<div class=\"elementor-element elementor-element-38e649b6 wpr-fancy-text-zoom wpr-advanced-text-style-animated wpr-animated-text-infinite-yes elementor-widget elementor-widget-wpr-advanced-text\" data-id=\"38e649b6\" data-element_type=\"widget\" data-e-type=\"widget\" data-settings=\"{&quot;anim_loop&quot;:&quot;yes&quot;}\" data-widget_type=\"wpr-advanced-text.default\">\n\t\t\t\t\t\n\t\t<h1 class=\"wpr-advanced-text\">\n\n\t\t\t\t\t\n\t\t\t\t\t\t\t<span class=\"wpr-advanced-text-preffix\">Fornecedores<\/span>\n\t\t\t\n\t\t<span class=\"wpr-anim-text wpr-anim-text-type-zoom\" data-anim-duration=\"1200,2000\" data-anim-loop=\"yes\">\n\t\t\t<span class=\"wpr-anim-text-inner\">\n\t\t\t\t\t\t\t<\/span>\n\t\t\t\t\t<\/span>\n\n\t\t\t\t\n\t\t<\/h1>\n\t\t\n\t\t\t\t\t\t<\/div>\n\t\t\t\t<div class=\"elementor-element elementor-element-3708c096 elementor-widget-divider--view-line elementor-widget elementor-widget-divider\" data-id=\"3708c096\" data-element_type=\"widget\" data-e-type=\"widget\" data-widget_type=\"divider.default\">\n\t\t\t\t\t\t\t<div class=\"elementor-divider\">\n\t\t\t<span class=\"elementor-divider-separator\">\n\t\t\t\t\t\t<\/span>\n\t\t<\/div>\n\t\t\t\t\t\t<\/div>\n\t\t\t\t\t<\/div>\n\t\t<\/div>\n\t\t\t\t\t<\/div>\n\t\t<\/section>\n\t\t<div class=\"elementor-element elementor-element-f9580a5 e-grid e-con-boxed wpr-particle-no wpr-jarallax-no wpr-parallax-no wpr-sticky-section-no wpr-equal-height-no e-con e-parent\" data-id=\"f9580a5\" data-element_type=\"container\" data-e-type=\"container\">\n\t\t\t\t\t<div class=\"e-con-inner\">\n\t\t\t\t<div class=\"elementor-element elementor-element-3b8b88f elementor-widget elementor-widget-text-editor\" data-id=\"3b8b88f\" data-element_type=\"widget\" data-e-type=\"widget\" data-widget_type=\"text-editor.default\">\n\t\t\t\t\t\t\t\t\t<p>Todos os fornecedores da FARMI foram previamente selecionados, respeitando os seguintes fatores: Caracter\u00edsticas T\u00e9cnicas dos produtos\/servi\u00e7os fornecidos;<br \/>:: Disponibiliza\u00e7\u00e3o da Documenta\u00e7\u00e3o (T\u00e9cnica e Comercial) devidamente detalhada;<br \/>:: Diversidade de Solu\u00e7\u00f5es;<br \/>:: Pa\u00eds de Origem;<br \/>:: Aspeto dos produtos fornecidos;<br \/>:: Rela\u00e7\u00e3o Qualidade\/Pre\u00e7o;<br \/>:: Celeridade de Entrega;<br \/>:: Condi\u00e7\u00f5es Comerciais;<br \/>:: Disponibilidade no Mercado;<br \/>:: Quando poss\u00edvel representa\u00e7\u00e3o exclusiva da Marca;<br \/>:: Proximidade (quando aplic\u00e1vel);<br \/>:: Licen\u00e7a de Operador de Gest\u00e3o de Res\u00edduos (quando aplic\u00e1vel);<br \/>:: Ficha de dados de seguran\u00e7a (quando aplic\u00e1vel);<br \/>:: Entidade certificada na Norma NP 4413 (quando aplic\u00e1vel);<br \/>:: Registo no ANPC (quando aplic\u00e1vel);<br \/>:: T\u00e9cnicos certificados (quando aplic\u00e1vel).<\/p><p>Anualmente, \u00e9 realizado uma avalia\u00e7\u00e3o do fornecedor, que \u00e9 feita por um sistema de dem\u00e9ritos, no entanto esta forma de avalia\u00e7\u00e3o s\u00f3 ocorre em caso de ocorr\u00eancia de n\u00e3o conformidades nos fornecimentos.<\/p><p>Para fornecedores sem qualquer n\u00e3o conformidade nos fornecimentos, a avalia\u00e7\u00e3o \u00e9 considerada automaticamente \u201cExcelente\u201d e \u00e9 atribu\u00eddo a classifica\u00e7\u00e3o mais alta \u201cA\u201d.<\/p>\t\t\t\t\t\t\t\t<\/div>\n\t\t\t\t<div class=\"elementor-element elementor-element-1c1870a elementor-widget elementor-widget-image\" data-id=\"1c1870a\" data-element_type=\"widget\" data-e-type=\"widget\" data-widget_type=\"image.default\">\n\t\t\t\t\t\t\t\t\t\t\t\t\t\t\t<img fetchpriority=\"high\" decoding=\"async\" width=\"624\" height=\"205\" src=\"https:\/\/farmi.pt\/wp-content\/uploads\/2025\/07\/TABELA-FORNECEDORES.png\" class=\"attachment-large size-large wp-image-82\" alt=\"Tabela de fornecedores - Qualidade\" srcset=\"https:\/\/farmi.pt\/wp-content\/uploads\/2025\/07\/TABELA-FORNECEDORES.png 624w, https:\/\/farmi.pt\/wp-content\/uploads\/2025\/07\/TABELA-FORNECEDORES-300x99.png 300w\" sizes=\"(max-width: 624px) 100vw, 624px\" \/>\t\t\t\t\t\t\t\t\t\t\t\t\t\t\t<\/div>\n\t\t\t\t\t<\/div>\n\t\t\t\t<\/div>\n\t\t\t\t<\/div>\n\t\t","protected":false},"excerpt":{"rendered":"<p>Fornecedores Todos os fornecedores da FARMI foram previamente selecionados, respeitando os seguintes fatores: Caracter\u00edsticas T\u00e9cnicas dos produtos\/servi\u00e7os fornecidos;:: Disponibiliza\u00e7\u00e3o da Documenta\u00e7\u00e3o (T\u00e9cnica e Comercial) devidamente detalhada;:: Diversidade de Solu\u00e7\u00f5es;:: Pa\u00eds de Origem;:: Aspeto dos produtos fornecidos;:: Rela\u00e7\u00e3o Qualidade\/Pre\u00e7o;:: Celeridade de Entrega;:: Condi\u00e7\u00f5es Comerciais;:: Disponibilidade no Mercado;:: Quando poss\u00edvel representa\u00e7\u00e3o exclusiva da Marca;:: Proximidade (quando aplic\u00e1vel);:: Licen\u00e7a de Operador de Gest\u00e3o de Res\u00edduos (quando aplic\u00e1vel);:: Ficha de dados de seguran\u00e7a (quando aplic\u00e1vel);:: Entidade certificada na Norma NP 4413 (quando aplic\u00e1vel);:: Registo no ANPC (quando aplic\u00e1vel);:: T\u00e9cnicos certificados (quando aplic\u00e1vel). Anualmente, \u00e9 realizado uma avalia\u00e7\u00e3o do fornecedor, que \u00e9 feita por um sistema de dem\u00e9ritos, no entanto esta forma de avalia\u00e7\u00e3o s\u00f3 ocorre em caso de ocorr\u00eancia de n\u00e3o conformidades nos fornecimentos. Para fornecedores sem qualquer n\u00e3o conformidade nos fornecimentos, a avalia\u00e7\u00e3o \u00e9 considerada automaticamente \u201cExcelente\u201d e \u00e9 atribu\u00eddo a classifica\u00e7\u00e3o mais alta \u201cA\u201d.<\/p>\n","protected":false},"author":1,"featured_media":0,"parent":0,"menu_order":0,"comment_status":"closed","ping_status":"closed","template":"","meta":{"footnotes":""},"class_list":["post-62","page","type-page","status-publish"],"_links":{"self":[{"href":"https:\/\/farmi.pt\/index.php\/wp-json\/wp\/v2\/pages\/62","targetHints":{"allow":["GET"]}}],"collection":[{"href":"https:\/\/farmi.pt\/index.php\/wp-json\/wp\/v2\/pages"}],"about":[{"href":"https:\/\/farmi.pt\/index.php\/wp-json\/wp\/v2\/types\/page"}],"author":[{"embeddable":true,"href":"https:\/\/farmi.pt\/index.php\/wp-json\/wp\/v2\/users\/1"}],"replies":[{"embeddable":true,"href":"https:\/\/farmi.pt\/index.php\/wp-json\/wp\/v2\/comments?post=62"}],"version-history":[{"count":28,"href":"https:\/\/farmi.pt\/index.php\/wp-json\/wp\/v2\/pages\/62\/revisions"}],"predecessor-version":[{"id":392,"href":"https:\/\/farmi.pt\/index.php\/wp-json\/wp\/v2\/pages\/62\/revisions\/392"}],"wp:attachment":[{"href":"https:\/\/farmi.pt\/index.php\/wp-json\/wp\/v2\/media?parent=62"}],"curies":[{"name":"wp","href":"https:\/\/api.w.org\/{rel}","templated":true}]}}